d by w.
15
Suppose -2350 = -5*s + 4*k, -5*k - 315 = -s + 134. Let h = s + -454. What is the remainder when h is divided by 4?
0
Suppose -29*b = -10343 - 967. Calculate the remainder when b is divided by 44.
38
Suppose 34*d - 45114 = 58280. What is the remainder when d is divided by 21?
17
Let p be (-2 - 1*-1) + (-72)/(-72). Suppose 2*n + 158 = 3*n + 3*x, p = -5*n + 2*x + 807. What is the remainder when n is divided by 82?
79
Suppose 2*t - 57 = 5*h + 18, -3*t + 85 = -2*h. Suppose w + 2*m = 0, -1134 = 2*w - 5*m - 1206. What is the remainder when t is divided by w?
9
Suppose 20479 + 13303 = 413*g - 286*g. Calculate the remainder when g is divided by 19.
0
Suppose -748*u = -760*u + 924. Calculate the remainder when u is divided by 72.
5
Suppose -21*n + 10*n = 0. Suppose r - 3*t - 319 = n, -2*t = -r - 33 + 349. Calculate the remainder when r is divided by 13.
11
Let j be -1 - (-23)/5 - (-44)/110. Suppose -j*a - 2*k + 126 = -k, -3*a + 90 = 3*k. What is the remainder when 151 is divided by a?
23
Let o(m) = m**2 - 3*m - 4. Let k be o(-8). Let v be (-370)/(-14) - 3/(k/(-16)). Let s = 15 + v. What is the remainder when s is divided by 17?
8
Let o = 566 + -322. Suppose 0 = -4*z - 0*z + o. Let r = 15 - -1. What is the remainder when z is divided by r?
13
Let x = 1396 + -1390. Let k(d) = -19*d**3 - 2*d**2 + d. Let t be k(1). What is the remainder when ((-18)/4)/(10/t) is divided by x?
3
Let k = -829 - -847. What is the remainder when 2031 is divided by k?
15
Suppose -a + 27 = -19. Let d(p) = p**3 + 8*p**2 - 10*p - 2. Let r be d(-9). Let j(x) = -x**2 + 6*x + 24. What is the remainder when a is divided by j(r)?
12
Let i(w) = 51*w - 2319. Calculate the remainder when 4512 is divided by i(48).
126
Let a(t) = 2*t**2 - 39*t + 159. Let s be a(13). Let i(k) = 13*k + 191. Calculate the remainder when 200 is divided by i(s).
17
Let q(g) = 567*g + 379. Calculate the remainder when q(1) is divided by 22.
0
Suppose -1 = -4*p + 3*x, -p - 6*x = -5*x - 2. Suppose p - 848 = -11*g. What is the remainder when g is divided by 10?
7
Let h(j) = j**2 + 37*j - 103. Let m be (-6)/6*(-11 + 2 - -6). Calculate the remainder when 76 is divided by h(m).
8
Suppose -4*p - 243 = -7*p. Let g(s) = 7*s + 49. Let n be g(-7). Suppose 3*v + l - 15 = n, 15 = -4*l + 3. What is the remainder when p is divided by v?
3
Let g(m) = 2*m**2 + 299*m - 472. Calculate the remainder when g(-154) is divided by 84.
74
Let i = -1196 - -1237. Suppose -k + 5*v - 199 = -3*k, 0 = -k - 2*v + 99. Calculate the remainder when k is divided by i.
15
Suppose -f + 119 = -5*h - 26, 3*f - 397 = -4*h. Let q = -991704 - -991775. What is the remainder when f is divided by q?
64
What is the remainder when (-136)/20 + (-100)/(-125) - (-360 - -2) is divided by 59?
57
Suppose 8*k = -0 - 0. Suppose k = -10*h + 7*h + 18. Suppose 2*d + p - 48 = 4*p, 0 = -3*p - h. What is the remainder when 82 is divided by d?
19
Suppose -5875 - 1769 = -12*w. Calculate the remainder when w is divided by 317.
3
Let i = 60 + -21. Calculate the remainder when 1/8*-766*(18 + -11 + -11) is divided by i.
32
Let m(c) = 3*c + 3. Let j be m(-2). Let u(x) = -x**2 - 7*x - 2. Let i be u(j). Calculate the remainder when -1 - i/(-15)*12 is divided by 4.
3
Calculate the remainder when 131 is divided by (-24)/(-5) + 162/135.
5
Suppose 341 = 16*x + 17*x - 385. What is the remainder when (43/2)/(3/6) is divided by x?
21
Let g(x) = -x + 13. Let t = 91 - 107. Let m be g(t). Let k = 9 + m. What is the remainder when k is divided by 15?
8
Suppose i = -277 + 394. Suppose -4*h + i = 3*f - 9*h, -117 = -3*f + 4*h. What is the remainder when 270 is divided by f?
36
Let a be 260/12 + (-2)/3. Let r = 9 - a. Calculate the remainder when 39 is divided by r/(-1) + -2 + 5 + -1.
11
Suppose -m + 3 = -0*m. Suppose m*x - 4 = 5. Let p = -1303 - -1313. Calculate the remainder when p is divided by x.
1
Suppose a + 4 = 106. Let p = 549 - 638. Let l = a + p. Calculate the remainder when 128 is divided by l.
11
Let z(y) = 3*y**2 - 2*y - 5. Suppose -24 = -5*l - 3*v, -6 = l - 2*v - 3. Let s be z(l). What is the remainder when 79 is divided by s - (13 - 1)/(-3)?
19
Let b = -282 - -535. Suppose b*a = 249*a + 2896. Suppose -a = -11*s - 295. What is the remainder when s is divided by 10?
9
Suppose -5*j + 1132 = -4*q, 4*q + 1132 = j - 5*j. Let l = q - -292. What is the remainder when 36 is divided by l?
0
Suppose 4*d - 8*d = 4*u + 128, -4*d + 2*u - 104 = 0. Let q be d/(-6) + (70/(-15) - -5). Suppose -s = -q*s + 40. Calculate the remainder when 77 is divided by s.
7
Let h = -33088 - -33233. What is the remainder when 455 is divided by h?
20
Let n(k) = -3*k**3 - 11*k**2 + 4*k. Let l be n(-4). Calculate the remainder when 367 is divided by (-8 - (-77 + -6)) + (l - 1).
71
Let j = -11555 + 11639. What is the remainder when j is divided by 24?
12
Calculate the remainder when 2/(-4)*7 - ((-72650)/20 + -15) is divided by 1212.
8
Let p(c) = -15*c + 832. Calculate the remainder when p(-35) is divided by 9.
7
Suppose -2*p = -p + 3, 5*p + 21 = -3*c. Let k be c + (5 + -2)*(-8)/6. Calculate the remainder when 17 is divided by (-22)/(-6) + -3 + (-20)/k.
1
Let r = 13 + -2. Let k = r + -9. Suppose -k = -n + 5. What is the remainder when 25 is divided by n?
4
Let d = 15171 - 15047. What is the remainder when d is divided by 42?
40
Suppose 0*h = h - 150. Suppose 4*d + d - h = 0. Suppose -46*v + 27*v = -361. Calculate the remainder when d is divided by v.
11
Let g(f) = f**3 + 22*f**2 + 53*f + 18. Calculate the remainder when g(-19) is divided by 45.
4
What is the remainder when 4291 is divided by (-20)/(233/(-1165)*(-50)/(-16))?
3
Suppose -5*t + 4*g = -144, g + 55 + 69 = 4*t. Let i = 65 - t. Let u = 51 + -44. Calculate the remainder when i is divided by u.
5
Let k(g) = -5*g - 6. Let u be (-3)/9*(-163 - 2). Suppose -5*t = b - 70, b = 3*t - b - u. Calculate the remainder when t is divided by k(-2).
3
Let i = 128 - 73. Let w = i + 38. What is the remainder when w is divided by 1*-40*(-20)/25?
29
Let t(f) = 8*f - 7*f - 3 - f**3 + 17*f**2 - 35*f. Let b = 186 - 172. What is the remainder when t(b) is divided by 37?
35
Let a = 406 + -400. Let m(p) = 2*p + 15. Let w be m(-6). Suppose -59 = -w*i - 2*g, 0*i + 2*g - 76 = -4*i. Calculate the remainder when i is divided by a.
5
Let h = 116 + -112. Let w be 51*(5 - h)/3. Suppose -5*b + 15 + 14 = q, 3*q = -b + w. What is the remainder when 18 is divided by b?
3
Let i(c) = 157*c - 2039. What is the remainder when 7629 is divided by i(14)?
156
What is the remainder when 27 is divided by 9/(-45) + 867/85?
7
Let f(s) = s**3 + 30*s**2 + 10*s - 545. What is the remainder when 1857 is divided by f(-29)?
3
Let u be (-4)/14 + 8/28. Suppose u = -y + 18 - 5. What is the remainder when (97/2)/(2 + 0) + (-21)/(-28) is divided by y?
12
Let a = 42 + 0. What is the remainder when ((-2176)/(-153))/(-32)*-153 is divided by a?
26
Suppose 0 = -2*o + 4*l + l + 31, -2*o = 3*l - 23. Suppose -4*q + 2*i = -68, -i + 16 - 32 = -q. What is the remainder when q is divided by o?
5
Let l = -691 - -732. What is the remainder when l is divided by 7?
6
Suppose 6*z + z - 49 = 0, -4*v + 4*z = -60. What is the remainder when 85 is divided by v?
19
What is the remainder when (30/30)/(4/2256) is divided by 82?
72
Let s(y) = -326*y**2 + 7 - 2*y**3 + 6*y + 329*y**2 - 2. Let b(q) = 12*q**2 - q - 3. What is the remainder when b(3) is divided by s(-2)?
18
Let y = -18438 - -18527. Suppose -3*s = -4*s. What is the remainder when y is divided by ((17 - s) + 1)/1?
17
Suppose 4*f - 380 = 5*w, 0 = 4*f - 4*w + 3*w - 364. Let o = 1939 + -1906. What is the remainder when f is divided by o?
24
Let n(y) = -809*y - 461. What is the remainder when n(-3) is divided by 41?
39
Let v = -26 - -32. Suppose 20 + 10 = v*k. Suppose -2*d + k*b - 6 = -d, 20 = 3*d + 4*b. What is the remainder when d is divided by 2?
0
Let m = -1420 - -1430. Let g be (3 - -1)*2/(-8). What is the remainder when (1 - -57) + g + 1 is divided by m?
8
Let w(n) = n + 2. Let o be w(1). Let r be (o/7)/((-6)/21)*-110. Suppose 2*c - r = -5*b, -3*b - 3*c - 16 = -115. What is the remainder when 97 is divided by b?
31
Suppose -2585 = -101*o - 1070. What is the remainder when 404 is divided by o?
14
Suppose 6*g + 313 = 505 + 360. What is the remainder when 1375 is divided by g?